p) be the third derivative of -p**5/30 - 3*p**4/4 + 14*p**3/3 + 82*p**2 - 1. Give z(-10).
8
Let f be 3 + (1*36)/3. Let o be (-39)/f - (-6)/(-15). Let a(t) = t**3 + 7*t**2 - 2*t - 9. Let b(p) = p**2 - p - 2. Let w(m) = -a(m) + 4*b(m). What is w(o)?
7
Let k(b) = 2*b**2 - 24*b + 71. Let n be k(8). Let d(w) = w**2 - 6*w - 7. Let m(h) = -1. Let l(z) = d(z) + 2*m(z). What is l(n)?
-2
Let p(a) = -41*a - 160. Let x be (-3)/21 + 1560/(-105) - -11. Give p(x).
4
Let n(c) be the third derivative of c**5/30 - c**4/2 - 13*c**3/6 - 2177*c**2. What is n(6)?
-13
Let z(c) = -c**2 + 1. Let w(j) = j**3 + 6*j**2 + j - 14. Let n(t) = -w(t) - z(t). Let d be n(-5). Let x(a) = -d*a + 12 - 11 + 22*a. Give x(-2).
-7
Let l(s) = 9*s**3 + 7*s**2 - 7*s + 7. Let p(b) = -8*b**3 - 8*b**2 + 8*b - 8. Let y(d) = 7*l(d) + 6*p(d). Let x = 68982 + -68981. Determine y(x).
16
Let g(d) = -d**3 - 8*d**2 - 3*d - 18. Let u be g(-8). Suppose u = v + 2*v. Let i(f) = -40*f + 3*f**v + 2 + f**2 + f**3 + 42*f. What is i(-2)?
6
Let v = -2600 + 2601. Let j(g) = -54*g**2. Determine j(v).
-54
Let b be 2 + 14/(-8) + (-10075)/3100. Let j(g) = -2 - 4*g**3 + 3*g**3 + 0*g**3. Calculate j(b).
25
Let n(c) = 86*c - 26. Let b(d) = 217*d - 53. Let l(r) = -2*b(r) + 5*n(r). Determine l(-18).
48
Let u(p) = p**2 + 31*p - 943. Let s be u(-50). Let z(c) = -c**3 + 5*c**2 + 15*c. What is z(s)?
7
Let r = 4 - 9. Let q = 439 + -436. Let p(y) = -5*y**3 + 3*y**2 + 7*y + 1. Let d(s) = -2*s**3 - s**2 + s + 1. Let c(h) = q*d(h) - p(h). Determine c(r).
-3
Let v(y) = y**3 - 6*y**2 - 15*y + 5. Let c(p) = 41*p + 746. Let a be c(-18). What is v(a)?
13
Suppose -706 - 1086 = 112*v. Let l(p) = p - 32. What is l(v)?
-48
Let y(r) = r**2 - 3*r - r - 2 + 0. Suppose 9*g - 171 = 72. Suppose g*v - 76 = 8*v. Determine y(v).
-2
Let k(r) = r**2 - 9*r - 86. Suppose 6*n - 88 = 2. Let f be k(n). Let c(i) = -i**2 + 4*i. Determine c(f).
0
Let g(v) be the third derivative of -v**5/10 - 31*v**4/24 - v**3/6 - 2*v**2 - 192*v. What is g(-5)?
4
Let y be (11 - (3 + 8))/(-9). Let s(r) = -6*r + 1. Let h be s(-1). Suppose h*z + y = 7. Let d(a) = -5*a + 1. Determine d(z).
-4
Let p(o) = -3*o - 1 - 2*o + 4*o. Let t(b) = 90*b + 636. Let z be 1384/(-200) + (24/75)/(-4). Let v be t(z). Give p(v).
-7
Let b = -8084 - -8060. Let c(t) = t**2 + 25*t + 16. Give c(b).
-8
Let l(i) = -5*i**2 - i. Let g(b) = 17*b**2 - b + 1. Let q(j) = -g(j) - 4*l(j). Give q(-6).
77
Let u = -39 + 45. Let z(r) = -8*r - 5. Suppose 8 = 2*m - 0*m. Let j(i) = 3*i + 2. Let a(f) = m*z(f) + 11*j(f). Give a(u).
8
Let v = -175 + 183. Suppose 0 = -v*w + 7 + 1. Let i(z) = 5*z + 1. Determine i(w).
6
Suppose -20*f - 35 + 44 = 69. Let n(x) = -x**3 + 3*x. What is n(f)?
18
Let d(t) = -t**3 - 8*t**2 - 15*t - 2. Let l(v) = 2*v**3 + 17*v**2 + 33*v + 4. Let s(k) = 5*d(k) + 2*l(k). Determine s(-2).
0
Let q(t) = -31*t + 836. Let w be q(27). Let m(g) = 4*g**2 + 8*g + 7. Give m(w).
3
Let s(r) be the first derivative of -r**2 + 10/3*r**3 - 36 - 11*r + 1/4*r**4. Calculate s(-10).
9
Suppose -4*p + 505 = 185. Suppose p*l = 77*l + 18. Let v(q) = -2*q**2 + 6*q - 4. Calculate v(l).
-40
Let l(k) = -k**2 - 3*k - 3. Let p be 4*(3 - 2) - 13/(195/75). Calculate l(p).
-1
Suppose v = -5*j + 14, -4*j = -4*v + 6 + 2. Let a = -6729 - -6734. Let h(i) = -i**3 - 5 - 4 + v - 5*i**2 + a*i + 2. Calculate h(-6).
3
Let a(h) = -4 - 5 - 119*h**2 + h + 118*h**2. Let i be a(0). Let o(v) = -v**2 - 9*v + 9. Calculate o(i).
9
Suppose -7*q + 32 = 61 - 36. Let d(x) = 10*x**3 + 2*x**2 - x - 1. What is d(q)?
10
Let k = -7113 + 7124. Let h(b) be the first derivative of -b**2/2 + 7*b + 3. Determine h(k).
-4
Let v(t) = -2*t + 3. Suppose -29*n = -33*n + 1124. Let r = 289 - n. Calculate v(r).
-13
Let j(c) be the third derivative of c**5/60 + c**4/24 - c**3/6 - 57*c**2. Let x(y) = y**2 - 2*y + 4. Let o(u) = 2*j(u) - x(u). Let h = -5 - 1. Give o(h).
6
Let f(h) = -h - 26. Let k be f(-21). Let a be (-2)/(-2) - (1 - (-1 + k)). Let q(u) = u + 10. Calculate q(a).
4
Let f(c) = -c - 6. Let v = -211 - -301. Suppose 0 = -15*a + v - 15. Give f(a).
-11
Let o(i) = 20*i**2 - 4*i + 11. Let g(j) = -57*j**2 + 12*j - 33. Let c(m) = -6*g(m) - 17*o(m). What is c(3)?
17
Let j(h) = h - 8. Let y(v) = -v**2 + v**2 + 5*v**2 - 12*v + 24 + 7. Let z(k) = k**2 + 1. Let d(x) = -y(x) + 4*z(x). Let b be d(9). Give j(b).
-8
Let l(q) = -q**3 - 4*q**2 + 2*q + 7. Let c(w) = -5*w**3 - 20*w**2 + 9*w + 36. Let s(x) = -2*c(x) + 11*l(x). Let j = -644 - -640. Calculate s(j).
-11
Let j(b) = -11 - 20*b**3 + 4*b**2 + 21*b**3 - 151061*b + 151037*b. What is j(-7)?
10
Let h(d) = -3*d**2 - 17*d + 16. Let q be 19/(285/48)*(-50)/20. What is h(q)?
-40
Let p be (3/(-6))/((-579)/144 - -4). Let s(o) = -10*o + p*o - 9*o - o**2 + 2 + 5. Suppose 0 = -5*y + 14 + 11. Determine s(y).
7
Let j(p) = p**2 - 3. Let g be 42/30 + (-96)/40. Let z(x) = -x**3 - 3*x**2 + 8*x + 10. Let m be z(g). What is j(m)?
-3
Let h be (-15)/((156/8)/(-13)). Suppose -5*u = -5, -3*a = -a - 3*u - 17. Let j(k) = a - h + 7*k. Determine j(-1).
-7
Let s be (-3360)/(-1050)*(-10)/(-8). Let w(q) = -4*q + 6. Calculate w(s).
-10
Let k(u) = -u**3 - 7*u**2 - 2*u - 9. Let n = -164 - -166. Let y be 11/22*((-14 - 2) + n). What is k(y)?
5
Let x(q) = -q**3 - q**2 + q + 10. Let g(u) = u**3 - 2*u**2 + 2*u - 1. Let r be g(1). Suppose r = -6*h - 25 + 109. Suppose -h*v = -18*v. What is x(v)?
10
Let o(s) = s**3 + 80*s**2 - 519*s + 15. Let a be o(6). Let n(u) = 2*u**2 + 2*u - 9. Calculate n(a).
3
Let m(l) = 2*l + 3. Let r = 18 + -21. Let t be 12/r + -6 - (-4)/2. Let y be 5 + t - 3/(-3). Give m(y).
-1
Let w(a) be the first derivative of a**4/4 + 25*a**3/3 + 47*a**2/2 - 9*a - 10803. Calculate w(-23).
-32
Let o(d) = 2*d**2 + 6*d + 8. Let n(q) = -3*q**2 - 6*q - 8. Let l(w) = 3*n(w) + 4*o(w). Suppose 4*t - 548 = 2*x - 512, -4*x + 6 = 5*t. What is l(t)?
8
Let v be ((-1)/(-5))/(10/2950). Let y = v + -49. Let k(i) = i**2 - 10*i - 8. Calculate k(y).
-8
Let b(i) = -i**2 + 11*i - 27. Let k be (20/(-8))/(6/(-12)). Give b(k).
3
Let f(r) = -8*r + 71. Let s be f(-2). Let k be 2 - 1 - 0 - (-348)/s. Let j(n) = -n + 1. Give j(k).
-4
Let y(l) = -l**3 - l**2 - l. Suppose b = -2*c - 2*b - 165, -25 = 5*b. Let h = c + 91. Let o = -16 + h. Determine y(o).
0
Let h = 16753 + -16748. Let b(a) = a**2 + 7*a - 12. Calculate b(h).
48
Let k(b) = b**3 - 10*b**2 - 1. Suppose 3*z + 13 = s + 4, -5*s = 5*z + 15. Suppose s = -0*y + 3*y - 6. Suppose 30 = y*w + w. Calculate k(w).
-1
Let f be -20*(3 + (-21)/6). Let v(b) = -5*b + 23*b - f*b - 5*b. What is v(-1)?
-3
Let l(y) = 4*y**2 - 14*y - 192. Let d be l(9). Let f(g) = 4*g - 37. What is f(d)?
-13
Let a(c) = 8*c - 9. Let t(f) = f - 14. Let n(b) = a(b) - t(b). Calculate n(0).
5
Let i(g) = g + 3. Let q be i(-6). Let z(o) = 2*o**2 - 3*o + 1. Suppose -3*r - 2 + 5 = 0. Let v(k) = k**2. Let f(l) = r*z(l) - 4*v(l). What is f(q)?
-8
Let h(z) = z**3 + 7*z**2 - 8*z - 9. Suppose 0 = o + 5*m - 19, -5*o = -3*m + 45. What is h(o)?
75
Let f(l) = 19 + 8 + 7 - 6 + 5*l + l. Let y be f(-4). Let q(p) = 2*p + 1 - 1 + 2. What is q(y)?
10
Let y(j) = j - 3. Let w = 142 - 140. Suppose -w*p + 87 = 63. Give y(p).
9
Let k(f) = f**3 - 62*f**2 + 858*f + 63. Let w be k(21). Let s(c) = 7*c - 33. What is s(w)?
-33
Let g = 159 + -69. Let m(s) = -3*s + 5*s + g - 92 + 2*s. Give m(2).
6
Let r(c) be the first derivative of 1/2*c**2 + 231 + 7*c. Give r(-6).
1
Suppose 366*u = 374*u - 32. Let t(d) = -u + 15 - 4*d - 7. Let l = 4 + 0. Give t(l).
-12
Let q be (4 + 184/(-48))/(6/180). Let c(z) be the second derivative of -z**5/20 + z**4/2 - z**3/3 - 2*z**2 + 4*z. Give c(q).
11
Let b(t) = -2*t - 9 - 3*t**2 - 5 + 16 + 4*t. Let v be (0 - -2)*-15*3/(-18). Let r(g) = -4*g + 22. Let a be r(v). Determine b(a).
-6
Let v(n) = 15*n**3 - n**2 - 12*n + 4. Let f(l) = -48*l**3 + 4*l**2 + 40*l - 13. Let h(s) = -3*f(s) - 10*v(s). What is h(-3)?
143
Suppose -5*b - 87 = -32. Let j(t) = 5*t + 72. Let w be j(b). Suppose f = -11 + w. Let s(m) = -m**3 + 8*m**2 - 8*m + 5. What is s(f)?
29
Let y(f) = f. Let o(l) be the second derivative of -2*l**3/3 - 3*l**2 + 235*l. Let i(m) = -o(m) - 3*y(m). Let h be 2 + 0 - (-9)/(-1). What is i(h)?
-1
Let x(o) = -o**2 - 6*o + 16. Let z be x(-8). Let q(h) be the first derivative of -6 + 1/2*h**2 + 3*h + 1/3*h**3. Calculate q(z).
3
Let s(c) = c**3 + 6*c**2 + c. Suppose -16 = -4*u -